isor of 2 and t.
2
Let c = -50 - -51. What is the greatest common divisor of 9 and c?
1
Suppose -3*c - v = 4*v - 39, 0 = 2*c - 5*v - 26. Let h = 139 + -22. What is the greatest common factor of h and c?
13
Let g be (44/14 - -2)/(33/308). Calculate the highest common factor of 12 and g.
12
Let r(q) = -q**3 - 4*q**2 - 4*q + 4. Let g be r(-4). Let a(t) = t + 14. Let v be a(-6). Calculate the greatest common factor of g and v.
4
Let m(t) = 15*t**2 - t + 2. Suppose -11 = 2*h + 5*a - 2, 0 = -5*h - 5*a. Suppose 5 = -4*j - h. Let f be m(j). What is the greatest common divisor of 8 and f?
8
Suppose -12 = 4*d, 0 = 4*m - d - d - 510. Calculate the greatest common factor of 18 and m.
18
Let h = 2 - 1. Let t(f) = 165*f**2 - f + 1. Let a be t(h). Suppose -5*v + 87 = 4*z, 2*v + 3*z - 5 = 34. What is the greatest common factor of a and v?
15
Let p(v) = 2*v**2 - 4*v. Let z be p(6). Suppose 0 = -0*y + y - z. Suppose -3*q + 0*q = -y. What is the greatest common factor of 80 and q?
16
Suppose -u = -3*s + 593, -2*s - s + 598 = 4*u. Let c = s - 20. Let d = c + -118. Calculate the highest common factor of 24 and d.
12
Let f = 83 + -56. Let w(y) = y**2 + 4*y - 3. Let b be w(-7). Let p = f + b. Calculate the highest common divisor of p and 5.
5
Let f = -96 - -305. Let h = -38 + f. Let d = -17 + 36. Calculate the highest common factor of h and d.
19
Let d be (-295)/(-15) + ((-12)/(-3))/12. What is the highest common factor of d and 15?
5
Suppose 0 = 5*f - 0*f. Suppose 0 = -2*b + 10 - f. What is the highest common divisor of b and 20?
5
Let g be (-4)/(-10)*(-10 - 5). Let q = g - -19. Calculate the greatest common factor of 143 and q.
13
Suppose 3*n - 5*n + 36 = 0. Suppose 2*a = a + 72. Calculate the greatest common factor of n and a.
18
Let w = 157 - 66. Let q be (-2)/(-6) + (-76)/(-6). Calculate the highest common factor of q and w.
13
Suppose -3 = 4*u - 15, -4*o - 2*u + 582 = 0. Calculate the highest common factor of o and 16.
16
Let x be (36/(-21))/((-1)/7). Let c = 139 - -295. Suppose -3*u = -c + 146. Calculate the greatest common divisor of x and u.
12
Suppose 3*u + 5 = 4*u. Suppose 0 = 3*y - 1 - u. Let l = -1 - -7. Calculate the highest common factor of l and y.
2
Suppose -5 + 2 = 3*p. Let s be (-5)/(0 + p) + 2. Suppose -v - 1 = -8. What is the highest common divisor of s and v?
7
Suppose 10 - 145 = -x. Calculate the highest common divisor of x and 9.
9
Suppose 4*l = 2*l + 8. Let f be -14*(-4 - (-12)/l). Let m = 121 + 5. Calculate the highest common factor of m and f.
14
Suppose -3*a = 4 - 79. Let g = -6 + a. What is the highest common divisor of g and 57?
19
Suppose 3*x = -8*p + 4*p + 1730, 0 = -5*p - 4*x + 2162. Suppose p = 2*k + 142. Suppose -110 - k = -4*v. What is the greatest common divisor of v and 8?
8
Let d = -11 - -17. What is the highest common divisor of d and 12?
6
Let r = 70 + -35. Let h = 7 + r. Calculate the highest common factor of 6 and h.
6
Let q = 16 + 8. Let y be ((1 - -1) + -3)*-3. What is the highest common divisor of q and y?
3
Let b(q) be the first derivative of -6*q**2 - 2*q - 3. Let y be b(-6). Calculate the highest common divisor of 7 and y.
7
Suppose -5*j = -4*d - 676, 3*j - 330 = -3*d + 54. What is the highest common divisor of j and 12?
12
Suppose 4*p + 26 = 106. Calculate the greatest common factor of p and 10.
10
Suppose -3*j - 4*d + 9*d = -29, 0 = 5*d - 25. Calculate the greatest common divisor of j and 2.
2
Suppose 29 = 3*n - 10. Suppose 0 = 3*w - 2*o - n, -3*w - 2*o + 1 + 4 = 0. Let t be (-2)/w + 11/3. What is the highest common divisor of 3 and t?
3
Let d be 4/5 - 1/(-5). Let g(h) = h**2 - 5 + 2*h + d + 1. Let r be g(5). Calculate the highest common divisor of 8 and r.
8
Let w(b) = 23*b**2 - 7*b + 2. Let p(r) = -12*r**2 + 4*r - 1. Let d(y) = 11*p(y) + 6*w(y). Let a be d(2). Calculate the greatest common factor of a and 87.
29
Let l = -10 + 23. Let o = l - -41. Let s = -1 - -19. What is the highest common divisor of o and s?
18
Let d = 28 - -40. What is the highest common factor of d and 102?
34
Suppose 4*c + 4 + 4 = 0. Let x = c - 0. Let h(v) = -6*v. Let q be h(x). What is the greatest common factor of 36 and q?
12
Suppose -v = 3*b - 51, 21 - 5 = 4*b. Suppose 3*a + v = 174. Suppose -y = -4*w - a, 0 = -y + 2*y + w - 50. Calculate the greatest common factor of y and 7.
7
Suppose 0 = -w + 8 - 3. Let u = w - 3. Let h be -3*2*u/(-3). What is the highest common factor of h and 36?
4
Let h be 1 - 3/(6/(-4)). Suppose -v + 4 = 0, -h*y = y - 5*v - 68. Calculate the highest common factor of y and 2.
2
Let m(u) = 105*u**3 + 2*u**2 - 3*u + 1. Let l be m(1). Let s = 125 + -73. Suppose 4*k = s + 8. What is the greatest common divisor of l and k?
15
Let p be (-744)/(-36)*3/2. Suppose p = i - l, -i = -l + 4*l - 27. What is the highest common divisor of i and 10?
10
Let b be (-1925)/(-15) + 4/6. What is the highest common factor of 43 and b?
43
Suppose -3*n + 4*n = 3. Calculate the highest common factor of 3 and n.
3
Let j be 338/3 - 6/9. Let r(p) = -3*p**3 - 3*p**2 + 4. Let h be r(-2). Calculate the greatest common divisor of j and h.
16
Let x = -1 - 1. Let v = 4 + x. Suppose k - 11 = -v*s, s = -5*k + 45 + 28. Calculate the highest common factor of 60 and k.
15
Let k(j) = -8*j. Let m be k(-2). Let t be ((-6)/4)/((-19)/304). What is the greatest common divisor of m and t?
8
Suppose -66 = -10*c + 8*c. Calculate the highest common factor of 22 and c.
11
Let o = 6 - 1. Let f be (0 - -3)/((-9)/6). Let b be 25/(3 + -4 - f). What is the highest common factor of o and b?
5
Let h(u) = -u**2 + 9*u - 16. Let p be h(6). Calculate the highest common factor of p and 22.
2
Let r be 0*2*1/2. Suppose -j = 4*q + 13, j + 5*q + 11 + 6 = r. Let a = j + -2. Calculate the highest common divisor of a and 2.
1
Let k be 40/(-140) - 424/(-14). Calculate the highest common factor of 20 and k.
10
Let k(m) = 2*m - 3. Let z = -7 - -12. Let h be k(z). Calculate the greatest common divisor of h and 7.
7
Let f(r) = -3*r - 8. Let q be f(-7). Suppose -2*w + 259 = 25. Calculate the greatest common factor of w and q.
13
Let u = -47 - -72. Suppose 0 = o - 4*o - 54. Let g = o + u. Calculate the greatest common factor of g and 14.
7
Let a(b) = 1. Let l(k) = 6*k. Let z(i) = 2*a(i) - l(i). Let n be z(-2). Calculate the greatest common divisor of 154 and n.
14
Let f be (5 - 0)/((-1)/(-22)). Let l be (-1)/(-3) + (-174)/(-18). Calculate the highest common factor of f and l.
10
Let d be (-14)/7 - 20/(-1). What is the highest common factor of 27 and d?
9
Suppose 3*t - 8 = 4*h - 2, 3*t - 3*h - 6 = 0. Let d be (-9 + 29)*t/4. Calculate the highest common factor of d and 90.
10
Suppose -4*s - 5*y - 30 = -232, 2 = y. Let k = 7 + 5. What is the highest common divisor of k and s?
12
Let c = 61 - 26. Suppose 2*p + 14 = 4*p. Calculate the highest common divisor of c and p.
7
Suppose -32 = -2*d - 4. Let o = d + -6. Calculate the highest common divisor of 16 and o.
8
Let t(f) = f**3 - 4*f**2 + 2*f - 2. Let a be t(4). What is the highest common divisor of a and 30?
6
Let l be (-80)/(-25)*((-105)/6)/(-7). Let n = -38 - -58. What is the greatest common divisor of n and l?
4
Suppose -h = -13 - 7. Let a be h/3 - (-4)/(-6). What is the greatest common divisor of 15 and a?
3
Let r be 2*((-2)/16 + (-404)/(-32)). Let q = 1 - -24. What is the greatest common factor of q and r?
25
Let k(i) = -3*i - 2. Let m be k(-2). Let b(l) = l**2 + 128. Let t be b(0). Suppose -5*c + t = -c. Calculate the highest common factor of m and c.
4
Suppose 117 = 13*g - 0*g. What is the greatest common factor of g and 117?
9
Let m(y) = 2*y**2 - 5*y - 4. Let v be m(4). Let p be (v + 2)/((-5)/(-20)). What is the highest common divisor of 5 and p?
5
Let f be (0 - 10) + 10 + -9. Let n = f - -12. What is the highest common divisor of 3 and n?
3
Let q be 656/30 + (-8)/(-60). Calculate the highest common factor of q and 66.
22
Let t(j) = -6*j**3 - j. Let l be t(-1). Suppose 8*m = 76 - 20. What is the greatest common factor of l and m?
7
Suppose -10 - 35 = -5*c. Let x be -1 - -3*(-3 - 0). Let d(b) = b**2 - 1. Let n be d(x). What is the highest common divisor of c and n?
9
Let x be (1/2 + 0)*0. Let i = x - -3. Suppose 0*n + 5*f = i*n - 42, 5*n - 70 = 5*f. Calculate the highest common divisor of 84 and n.
14
Let i = -443 - -785. Calculate th